
98
Let z(v) = -v**2 - 26*v + 127. Give z(-30).
7
Let o(h) = h**3 - 31*h**2 + 60*h + 25. Determine o(29).
83
Let o(x) = 193*x + 4639. Give o(-24).
7
Let a(p) = p**3 - 4*p**2 - 228*p. Calculate a(-14).
-336
Let t(z) = 2*z**3 - 10*z**2 - 15*z + 28. Determine t(6).
10
Let f(a) = a**3 + 7*a**2 + 13*a + 20. Determine f(-6).
-22
Let v(f) = -68*f**2 + 5105*f - 368. What is v(75)?
7
Let v(w) = -8*w + 772. Give v(95).
12
Let m(d) = -d**2 + 24*d + 627. Determine m(39).
42
Let f(h) = 11*h**2 - 639*h + 2396. Give f(4).
16
Let d(l) = 10*l + 781. What is d(-5)?
731
Let f(t) = -t**2 + 173*t + 2825. Give f(-15).
5
Let n(k) = -246*k - 944. What is n(-4)?
40
Let n(y) = -67*y + 11928. Calculate n(178).
2
Let k(i) = -4*i + 181. What is k(-52)?
389
Let t(z) = z**3 + 6*z**2 + 18*z + 148. Determine t(-6).
40
Let v(a) = -a**3 + a**2 - a + 82. Determine v(0).
82
Let u(q) = -2*q**3 + 127*q**2 - 187*q + 53. Determine u(62).
-9
Let d(u) = -u**3 - 27*u**2 + 7*u + 82. Give d(-28).
670
Let a(m) = m**3 - 2*m**2 + 58*m + 61. Give a(-1).
0
Let w(n) = -58*n - 6734. Give w(-116).
-6
Let v(j) = 10*j - 88. What is v(29)?
202
Let v(n) = n**2 - 27*n + 84. Calculate v(6).
-42
Let o(t) = -t**2 + 16*t + 746. What is o(37)?
-31
Let l(p) = 26*p**2 + 4936*p - 743. Calculate l(-190).
17
Let v(s) = 2*s**3 - 9*s**2 + 4*s + 1. What is v(4)?
1
Let x(o) = o**3 - 12*o**2 - 93*o + 821. What is x(15)?
101
Let o(k) = -2*k**3 + 3*k**2 + 54*k + 4. Give o(6).
4
Let h(v) = 33*v + 2626. Determine h(-80).
-14
Let x(u) = -u**3 - 39*u**2 - 246. Determine x(-39).
-246
Let u(i) = -6*i**2 + 156*i - 474. What is u(3)?
-60
Let t(v) = 64*v**2 - 197*v + 5. Give t(3).
-10
Let r(g) = g**3 - 15*g**2 + 44*g - 19. What is r(13)?
215
Let g(w) = 2*w**2 + 29*w + 172. Give g(-6).
70
Let a(f) = -f**2 - f + 22. Determine a(8).
-50
Let p(i) = 12*i**2 - 1842*i - 936. Calculate p(154).
-12
Let a(c) = c**3 - 37*c**2 + 64*c + 4. Determine a(35).
-206
Let o(r) = 4*r**2 + 114*r - 409. Give o(-32).
39
Let p(g) = -358*g - 4994. Calculate p(-14).
18
Let u(a) = 11*a**2 - 220*a - 31. Give u(20).
-31
Let t(v) = -v**3 + 35*v**2 + 36*v - 1. Calculate t(36).
-1
Let f(x) = x**3 + 71*x**2 - 300*x - 16. Give f(-75).
-16
Let q(k) = 4*k**2 - 26*k - 12. Give q(7).
2
Let r(f) = 11*f**3 - 3*f**2 - 11*f - 12. What is r(-2)?
-90
Let m(q) = -q**3 - 2*q**2 - 10*q + 64. Determine m(0).
64
Let c(o) = 27*o + 741. Determine c(-27).
12
Let p(t) = 28*t + 511. What is p(-18)?
7
Let y(g) = 2*g**2 + 84*g + 188. Give y(-37).
-182
Let k(a) = -3*a + 673. Calculate k(-39).
790
Let w(q) = 2*q**3 - 2*q**2 - 2*q + 24. Determine w(0).
24
Let c(j) = 19*j + 44. What is c(-9)?
-127
Let z(i) = -i**2 - 19*i - 59. Determine z(-9).
31
Let r(b) = b**2 - 19*b - 29. Calculate r(-4).
63
Let k(c) = 4*c + 28. Determine k(13).
80
Let v(a) = -14*a**2 + 418*a + 49. Calculate v(30).
-11
Let p(s) = 5*s**3 + 2*s**2 - 3*s + 3. Give p(1).
7
Let k(c) = -c**2 + 17*c + 36. Determine k(18).
18
Let x(d) = -d**2 - 554*d - 16695. Calculate x(-32).
9
Let v(n) = -5*n + 17. Determine v(-12).
77
Let i(u) = -149*u**2 - u + 1. Calculate i(1).
-149
Let x(s) = -17*s + 22. Calculate x(2).
-12
Let j(t) = -t**2 + 25*t + 62. Calculate j(14).
216
Let h(k) = 93*k + 161. Calculate h(1).
254
Let z(x) = 5*x**2 + 25*x - 42. Give z(-12).
378
Let h(g) = -2*g**2 - 224*g - 282. What is h(-111)?
-60
Let r(k) = -123*k + 2340. What is r(19)?
3
Let n(j) = 4*j**3 + 1089*j**2 + 282*j + 2715. What is n(-272)?
-5
Let a(r) = -70*r + 186. Calculate a(1).
116
Let d(z) = z**2 + 50*z + 137. Give d(-47).
-4
Let i(c) = c**3 + 11*c**2 - 8*c + 43. Give i(-12).
-5
Let f(g) = 2*g**2 + 30*g + 96. Determine f(-4).
8
Let r(k) = -2*k**3 - 68*k**2 - 7*k - 228. Give r(-34).
10
Let v(y) = 2*y**3 + 7*y**2 - 351*y - 1387. Calculate v(-4).
1
Let y(i) = i**3 - 25*i**2 + 141*i - 7. Calculate y(9).
-34
Let c(f) = -f**2 + 11*f + 16. What is c(7)?
44
Let s(t) = -8*t**2 - 149*t - 103. Determine s(-22).
-697
Let w(u) = u**2 + 103*u - 11874. What is w(69)?
-6
Let k(d) = -d**3 + 293*d**2 + 243*d + 14999. What is k(294)?
5
Let m(h) = -h**3 + 27*h**2 + 52*h + 164. Give m(29).
-10
Let i(z) = 20480*z + 122878. Give i(-6).
-2
Let f(k) = 355*k - 7793. Give f(22).
17
Let h(i) = -i**3 + 14*i**2 - 12*i + 63. Calculate h(8).
351
Let p(q) = q**2 - 557. Determine p(-21).
-116
Let j(b) = -241*b + 617. Give j(1).
376
Let k(b) = -4*b**2 - 84*b + 85. What is k(1)?
-3
Let p(v) = v**2 - 82*v + 845. Determine p(70).
5
Let j(i) = 2*i**3 + 45*i**2 + 235*i + 126. Give j(-15).
-24
Let l(r) = -287*r - 75202. What is l(-262)?
-8
Let t(h) = -h**3 + 209*h**2 - 1798*h - 19. Give t(9).
-1
Let v(w) = -9977*w - 89798. Give v(-9).
-5
Let o(i) = -2*i**3 - 5*i**2 - 169*i - 511. Determine o(-3).
5
Let v(x) = 5*x**3 + 4*x**2 + 19*x + 49. Determine v(-5).
-571
Let f(x) = -16*x - 301. Determine f(-6).
-205
Let l(u) = -32*u + 80. Give l(-7).
304
Let o(k) = -15*k - 184. Calculate o(-14).
26
Let l(p) = -554*p + 2677. What is l(5)?
-93
Let w(n) = 2*n**3 + 61*n**2 - 94*n + 60. Determine w(-32).
-4
Let w(u) = 59*u**3 - u**2 + 19*u - 17. Calculate w(1).
60
Let r(k) = -959*k - 8677. What is r(-9)?
-46
Let k(f) = -2*f**3 + 20*f**2 - 2*f - 18. Calculate k(10).
-38
Let i(t) = -65*t**2 - 580*t + 51. Give i(-9).
6
Let x(r) = -113*r - 913. Determine x(-8).
-9
Let m(t) = -76*t + 2969. Determine m(39).
5
Let i(y) = 76*y + 1916. Calculate i(-25).
16
Let t(j) = j**3 - 79*j**2 + 153*j + 70. What is t(77)?
-7
Let p(a) = -286*a + 1416. Determine p(5).
-14
Let w(u) = 92*u - 550. What is w(6)?
2
Let s(g) = -58*g - 1617. Determine s(-35).
413
Let z(f) = 55*f**2 - 823*f - 9. Calculate z(15).
21
Let c(q) = -51*q - 1598. Calculate c(-31).
-17
Let v(j) = -j**3 - 45*j**2 - 84*j + 51. Determine v(-43).
-35
Let p(b) = -3*b**2 - 124*b + 218. What is p(-43)?
3
Let t(q) = 132*q + 27189. Determine t(-206).
-3
Let m(g) = -411*g - 6919. Calculate m(-17).
68
Let g(j) = j**2 + 181*j - 1727. Determine g(9).
-17
Let r(c) = c**2 - 549*c - 2765. Determine r(-5).
5
Let r(x) = -9*x**2 - 299*x - 1056. Determine r(-4).
-4
Let b(k) = 2*k**2 - 6*k - 28. Give b(6).
8
Let p(m) = 5*m**2 + 8*m. Determine p(1).
13
Let u(w) = -15*w**2 + 171*w + 553. Calculate u(14).
7
Let u(x) = -x**2 + 58*x - 812. What is u(35)?
-7
Let u(g) = 1330*g + 11997. Give u(-9).
27
Let v(f) = f**3 - 133*f**2 - 159*f + 3366. Determine v(134).
16
Let s(t) = -3*t**2 - 18*t - 3. Give s(-20).
-843
Let y(a) = 314*a + 19446. Calculate y(-62).
-22
Let g(s) = 10*s**2 - 159. Give g(8).
481
Let z(t) = t**3 - 18*t**2 - 43*t + 90. Give z(20).
30
Let d(v) = -43*v + 511. What is d(12)?
-5
Let v(r) = -3*r**3 - 205*r**2 + 352*r + 150. What is v(-70)?
10
Let t(s) = 34*s - 615. What is t(15)?
-105
Let t(k) = 3*k**3 - 17*k**2 + 6*k + 1. What is t(5)?
-19
Let o(c) = 2*c**3 - 404*c**2 - 13*c + 2615. Calculate o(202).
-11
Let c(y) = 712*y - 2811. Calculate c(4).
37
Let k(b) = b**2 - 8*b + 32. Give k(8).
32
Let f(h) = -3*h**3 - 27*h**2 - 46*h - 29. Determine f(-7).
-1
Let h(b) = 3*b**3 - 48*b**2 + 56*b - 77. Give h(15).
88
Let k(h) = -9*h - 111. What is k(0)?
-111
Let i(z) = -31*z**2 - 156*z. Give i(-5).
5
Let z(b) = -31*b**2 - 8*b - 4. Give z(-1).
-27
Let h(p) = -130*p**3 + 11*p**2 - 8*p - 2. What is h(1)?
-129
Let x(u) = 9*u + 204. Calculate x(-33).
-93
Let i(m) = 10*m**2 - 3*m + 4. Calculate i(-1).
17
Let u(o) = -o**2 + 52*o + 202. What is u(56)?
-22
Let y(u) = 3451*u - 262275. Determine y(76).
1
Let h(g) = -194*g - 2420. Give h(-12).
-92
Let z(y) = y**2 - 2586*y + 51318. What is z(20)?
-2
Let d(o) = -o**3 - 12*o**2 + 6*o + 99. What is d(-10)?
-161
Let b(v) = -v**3 - 7*v**2 + 36*v - 98. Calculate b(-11).
-10
Let v(h) = -13*h**2 - 273*h - 880. Determine v(-17).
4
Let r(x) = 399*x - 1547. Give r(4).
49
Let d(z) = z**3 + 18*z**2 - 46*z - 73. What is d(-20)?
47
Let x(z) = -z**3 - 14*z**2 - 19*z - 23. Give x(-13).
55
Let c(r) = -53*r + 701. What is c(13)?
12
Let j(s) = -s**3 - 27*s**2 - 40*s - 327. Calculate j(-26).
37
Let f(z) = z**3 - 9*z**2 + 17*z + 15. What is f(7)?
36
Let r(q) = -6*q**2 - 1308*q + 17. Determine r(-218).
17
Let p(a) = 1700*a - 5105. Give p(3).
-5
Let t(o) = -o**3 - 14*o**2 - 49*o - 302. Give t(-12).
-2
Let i(z) = 2*z**3 + 4*z**2 - 35*z + 10. What is i(4)?
62
Let k(h) = -h**2 + 59*h - 1064. Determine k(14).
-434
Let g(b) = 2*b**2 - 109*b - 268. Determine g(58).
138
Let t